{"id":144,"date":"2018-02-23T15:16:07","date_gmt":"2018-02-23T15:16:07","guid":{"rendered":"http:\/\/wordpresstest.rfv-koenen.com\/?page_id=144"},"modified":"2019-11-28T11:30:11","modified_gmt":"2019-11-28T11:30:11","slug":"2017-2","status":"publish","type":"page","link":"https:\/\/rfv-koenen.de\/?page_id=144","title":{"rendered":"2017"},"content":{"rendered":"<h2>Archiv 2017<\/h2>\n<ol>\n<li lang=\"zxx\">\n<h2><strong><span style=\"font-size: large;\">Fr\u00fchlingsfest des Reit- und Fahrvereins &#8222;St. Georg&#8220; K\u00f6nen e.V.<\/span><\/strong><\/h2>\n<\/li>\n<\/ol>\n<p lang=\"zxx\" align=\"left\"><span style=\"font-size: medium;\">Am 20. Mai fand das erste Fr\u00fchlingsfest des Reit- und Fahrvereins &#8222;St. Georg&#8220; in K\u00f6nen statt. Vereinsmitglieder, vorrangig Reitsch\u00fcler mit deren Familien, haben einen geselligen Nachmittag auf der sch\u00f6nen Vereinsanlage in Konz-K\u00f6nen verbracht.<\/span><\/p>\n<p lang=\"zxx\" align=\"left\"><span style=\"font-size: medium;\">Die Kinder und Jugendlichen konnten sich \u00fcber spannende Reiterspiele freuen, bei denen sie und ihre vierbeinigen Freunde Aufgaben wie Ringe mit einer Gerte aufspie\u00dfen und das Pferd einen riesigen Pferdefu\u00dfball schie\u00dfen lassen gemeistert haben.<\/span><\/p>\n<p lang=\"zxx\" align=\"left\"><span style=\"font-size: medium;\">Eine Schnitzeljagd f\u00fchrte sie dann \u00fcber den Hof und durch das n\u00e4here Gel\u00e4nde um den Reiterhof, bevor sie sich am Grillplatz wieder trafen, um zusammen bei bestem Fr\u00fchlingswetter zu grillen.<\/span><\/p>\n<p lang=\"zxx\" align=\"left\"><img loading=\"lazy\" decoding=\"async\" class=\"alignnone size-medium wp-image-145\" src=\"http:\/\/wordpresstest.rfv-koenen.com\/wp-content\/uploads\/2018\/02\/DSC_0069-2-1-300x199.jpg\" alt=\"\" width=\"300\" height=\"199\" srcset=\"https:\/\/rfv-koenen.de\/wp-content\/uploads\/2018\/02\/DSC_0069-2-1-300x199.jpg 300w, https:\/\/rfv-koenen.de\/wp-content\/uploads\/2018\/02\/DSC_0069-2-1-768x509.jpg 768w, https:\/\/rfv-koenen.de\/wp-content\/uploads\/2018\/02\/DSC_0069-2-1-1024x678.jpg 1024w\" sizes=\"auto, (max-width: 300px) 100vw, 300px\" \/><img loading=\"lazy\" decoding=\"async\" class=\"alignnone size-medium wp-image-146\" src=\"http:\/\/wordpresstest.rfv-koenen.com\/wp-content\/uploads\/2018\/02\/DSC_0324-2-300x199.jpg\" alt=\"\" width=\"300\" height=\"199\" srcset=\"https:\/\/rfv-koenen.de\/wp-content\/uploads\/2018\/02\/DSC_0324-2-300x199.jpg 300w, https:\/\/rfv-koenen.de\/wp-content\/uploads\/2018\/02\/DSC_0324-2-768x509.jpg 768w, https:\/\/rfv-koenen.de\/wp-content\/uploads\/2018\/02\/DSC_0324-2-1024x678.jpg 1024w\" sizes=\"auto, (max-width: 300px) 100vw, 300px\" \/><\/p>\n<p lang=\"zxx\" align=\"left\"><span style=\"font-size: medium;\">Der Verein bereitet sich derzeit auf sein 48. Dressur- und Springturnier vor, das am Wochenende des 02. und 03. Septembers in K\u00f6nen stattfinden soll. Wir hoffen dann wieder zahlreiche G\u00e4ste auf der momentan gut belegten Vereinsanlage begr\u00fc\u00dfen zu d\u00fcrfen.<\/span><\/p>\n<h1 lang=\"zxx\" align=\"center\"><b>48. Reitturnier des Reit- und Fahrvereins &#8222;St. Georg&#8220; Konz-K\u00f6nen e.V.<\/b><\/h1>\n<p lang=\"zxx\" align=\"left\">Am Wochenende des 02. und 03. September hat das 48. Reitturnier des Reit- und Fahrvereins &#8222;St. Georg&#8220; auf der Vereinsanlage in Konz-K\u00f6nen stattgefunden. Der gastgebende Verein hat Reiterwettbewerbe, die die Geschicklichkeit von Pferd und Reiter erfordern, und auch anspruchsvolle, sportliche Turnierpr\u00fcfungen durchgef\u00fchrt. Am Samstag standen die Dressurreiter auf dem Programm. Hierbei konnte sich Rebecca L\u00fctzen auf ihrem Pferd Doeke \u00fcber den Sieg der A** Dressur freuen. Diana Bauer auf Elane gewann die A* Dressur und Laurina Weidenm\u00fcller mit der Stute &#8222;Flotte Henne&#8220; gewann ebenfalls eine A* Dressur. Lara Schwarz auf Finn gewann einen Reiterwettbewerb, ebenso wie Hannah Neumann auf Mira und ihre Vereinskollegin Jana Heck auf Finn. Die Dressur Wettbewerbe (E) gewannen Alessa Leuschen auf Fiona und ihre Vereinskollegin Patricia M\u00f6ller konnte zusammen mit ihrer Stute &#8222;California Sunshine&#8220; den Sieg in zwei Dressurwettbewerben und in einem Stilspring-Wettbewerb erringen.<\/p>\n<p lang=\"zxx\" align=\"left\">Am Sonntag haben die Parcours- und Springreiter mit spannenden Leistungen ihr K\u00f6nnen unter Beweis gestellt. Hierbei konnte Gianna Ackermann aus Gerolstein auf ihrem Abanos mit einem spannenden Stechen und einem Vorsprung von zwei Sekunden den Sieg der Stilspringpr\u00fcfung A* erringen. Das Jump and Run gewannen Michelle Steinmetz als Reiterin auf dem temperamentvollen Pferd Lesstat, zusammen mit der L\u00e4uferin Michelle Faber aus dem gastgebenden Verein. Den Sieg im Stilspringen A* holte sich Tina Sch\u00f6nhofen auf &#8222;Cafe melange&#8220; mit nach Hause. Einen Springreiter-Wettbewerb gewann Mia Becker auf Lucie und den zweiten Platz konnte Maurice D\u00fchr vom RFV K\u00f6nen auf seinem Fredo erringen. Im Aktionsparcours r\u00e4umte der gastgebende Verein ab: Sarah Melchior mit Ayla war Ertse, Alina Beck mit Ranja Zweite und Viviane Loeds mit Kallagan Dritte. Den P\u00e4zisionsparcours gewann Zoe Steinmetz mit ihrer &#8222;Rising Sun&#8220;.<\/p>\n<p lang=\"zxx\" align=\"left\"><img loading=\"lazy\" decoding=\"async\" class=\"alignnone size-medium wp-image-152\" src=\"http:\/\/wordpresstest.rfv-koenen.com\/wp-content\/uploads\/2018\/02\/DSC_1284-2-300x199.jpg\" alt=\"\" width=\"300\" height=\"199\" srcset=\"https:\/\/rfv-koenen.de\/wp-content\/uploads\/2018\/02\/DSC_1284-2-300x199.jpg 300w, https:\/\/rfv-koenen.de\/wp-content\/uploads\/2018\/02\/DSC_1284-2-768x508.jpg 768w, https:\/\/rfv-koenen.de\/wp-content\/uploads\/2018\/02\/DSC_1284-2-1024x678.jpg 1024w\" sizes=\"auto, (max-width: 300px) 100vw, 300px\" \/><img loading=\"lazy\" decoding=\"async\" class=\"alignnone size-medium wp-image-153\" src=\"http:\/\/wordpresstest.rfv-koenen.com\/wp-content\/uploads\/2018\/02\/IMG-20170905-WA0001-200x300.jpg\" alt=\"\" width=\"200\" height=\"300\" srcset=\"https:\/\/rfv-koenen.de\/wp-content\/uploads\/2018\/02\/IMG-20170905-WA0001-200x300.jpg 200w, https:\/\/rfv-koenen.de\/wp-content\/uploads\/2018\/02\/IMG-20170905-WA0001-768x1154.jpg 768w, https:\/\/rfv-koenen.de\/wp-content\/uploads\/2018\/02\/IMG-20170905-WA0001-682x1024.jpg 682w, https:\/\/rfv-koenen.de\/wp-content\/uploads\/2018\/02\/IMG-20170905-WA0001.jpg 852w\" sizes=\"auto, (max-width: 200px) 100vw, 200px\" \/><img loading=\"lazy\" decoding=\"async\" class=\"alignnone size-medium wp-image-154\" src=\"http:\/\/wordpresstest.rfv-koenen.com\/wp-content\/uploads\/2018\/02\/IMG-20170905-WA0005-300x199.jpg\" alt=\"\" width=\"300\" height=\"199\" srcset=\"https:\/\/rfv-koenen.de\/wp-content\/uploads\/2018\/02\/IMG-20170905-WA0005-300x199.jpg 300w, https:\/\/rfv-koenen.de\/wp-content\/uploads\/2018\/02\/IMG-20170905-WA0005-768x509.jpg 768w, https:\/\/rfv-koenen.de\/wp-content\/uploads\/2018\/02\/IMG-20170905-WA0005-1024x678.jpg 1024w, https:\/\/rfv-koenen.de\/wp-content\/uploads\/2018\/02\/IMG-20170905-WA0005.jpg 1280w\" sizes=\"auto, (max-width: 300px) 100vw, 300px\" \/><img loading=\"lazy\" decoding=\"async\" class=\"alignnone size-medium wp-image-155\" src=\"http:\/\/wordpresstest.rfv-koenen.com\/wp-content\/uploads\/2018\/02\/IMG-20170905-WA0003-300x225.jpg\" alt=\"\" width=\"300\" height=\"225\" srcset=\"https:\/\/rfv-koenen.de\/wp-content\/uploads\/2018\/02\/IMG-20170905-WA0003-300x225.jpg 300w, https:\/\/rfv-koenen.de\/wp-content\/uploads\/2018\/02\/IMG-20170905-WA0003-768x576.jpg 768w, https:\/\/rfv-koenen.de\/wp-content\/uploads\/2018\/02\/IMG-20170905-WA0003-1024x768.jpg 1024w, https:\/\/rfv-koenen.de\/wp-content\/uploads\/2018\/02\/IMG-20170905-WA0003.jpg 1280w\" sizes=\"auto, (max-width: 300px) 100vw, 300px\" \/><\/p>\n<p lang=\"zxx\" align=\"left\">Wir gratulieren den diesj\u00e4hrigen Siegern ganz herzlich und freuen uns darauf auch im n\u00e4chsten Jahr wieder ein unterhaltsames Fest f\u00fcr die Zuschauer und spannende Herausforderungen f\u00fcr die Reiter bieten zu k\u00f6nnen.<\/p>\n<h2 lang=\"zxx\" align=\"center\"><b>Schritt, Trab, Galopp durchs bunte Herbstlaub<\/b><\/h2>\n<p lang=\"zxx\" align=\"left\">Am 3. Oktober trafen sich 20 Reiterinnen und Reiter aus dem Konzer, Trierer und Saarburger Umland auf der Vereinsanlage &#8222;St. Georg&#8220; in K\u00f6nen, um an dem traditionellen Herbstritt teilzunehmen. Nach dem Sektempfang hatte sich endlich der Nebel aufgel\u00f6st und die Gruppe konnte aufbrechen. Nach einer ersten, kurzen Rast am K\u00f6nener Ortsausgang f\u00fchrte die Strecke zun\u00e4chst zum Wawerner Rundfels, von wo aus man einen herrlichen Blick \u00fcber den Verlauf der Saar von Schoden bis Konz genie\u00dfen kann. Bei bestem Herbstwetter ritten die Pferdefreunde durch das bunte Herbstlaub weiter nach Tawern und von dort aus heimw\u00e4rts. Nach 4 Stunden und knapp 18 Kilometern kamen alle Reiter wohlbehalten wieder in der Reitanlage in K\u00f6nen an. Anschlie\u00dfend wurde der Tag im Reiterst\u00fcbchen bei einem gemeinsamen Essen gefeiert und beendet.<\/p>\n<p lang=\"zxx\" align=\"left\"><img loading=\"lazy\" decoding=\"async\" class=\"alignnone size-medium wp-image-157\" src=\"http:\/\/wordpresstest.rfv-koenen.com\/wp-content\/uploads\/2018\/02\/2FotoHerbstritt-300x198.jpg\" alt=\"\" width=\"300\" height=\"198\" srcset=\"https:\/\/rfv-koenen.de\/wp-content\/uploads\/2018\/02\/2FotoHerbstritt-300x198.jpg 300w, https:\/\/rfv-koenen.de\/wp-content\/uploads\/2018\/02\/2FotoHerbstritt.jpg 720w\" sizes=\"auto, (max-width: 300px) 100vw, 300px\" \/><\/p>\n","protected":false},"excerpt":{"rendered":"<p>Archiv 2017 Fr\u00fchlingsfest des Reit- und Fahrvereins &#8222;St. Georg&#8220; K\u00f6nen e.V. Am 20. Mai fand das erste Fr\u00fchlingsfest des Reit- und Fahrvereins &#8222;St. Georg&#8220; in K\u00f6nen statt. Vereinsmitglieder, vorrangig Reitsch\u00fcler mit deren Familien, haben einen geselligen Nachmittag auf der sch\u00f6nen Vereinsanlage in Konz-K\u00f6nen verbracht. Die Kinder und Jugendlichen konnten sich \u00fcber spannende Reiterspiele freuen, bei &hellip; <\/p>\n<p class=\"link-more\"><a href=\"https:\/\/rfv-koenen.de\/?page_id=144\" class=\"more-link\"><span class=\"screen-reader-text\">\u201e2017\u201c <\/span>weiterlesen<\/a><\/p>\n","protected":false},"author":1,"featured_media":0,"parent":0,"menu_order":0,"comment_status":"closed","ping_status":"closed","template":"","meta":{"footnotes":""},"class_list":["post-144","page","type-page","status-publish","hentry"],"_links":{"self":[{"href":"https:\/\/rfv-koenen.de\/index.php?rest_route=\/wp\/v2\/pages\/144","targetHints":{"allow":["GET"]}}],"collection":[{"href":"https:\/\/rfv-koenen.de\/index.php?rest_route=\/wp\/v2\/pages"}],"about":[{"href":"https:\/\/rfv-koenen.de\/index.php?rest_route=\/wp\/v2\/types\/page"}],"author":[{"embeddable":true,"href":"https:\/\/rfv-koenen.de\/index.php?rest_route=\/wp\/v2\/users\/1"}],"replies":[{"embeddable":true,"href":"https:\/\/rfv-koenen.de\/index.php?rest_route=%2Fwp%2Fv2%2Fcomments&post=144"}],"version-history":[{"count":8,"href":"https:\/\/rfv-koenen.de\/index.php?rest_route=\/wp\/v2\/pages\/144\/revisions"}],"predecessor-version":[{"id":474,"href":"https:\/\/rfv-koenen.de\/index.php?rest_route=\/wp\/v2\/pages\/144\/revisions\/474"}],"wp:attachment":[{"href":"https:\/\/rfv-koenen.de\/index.php?rest_route=%2Fwp%2Fv2%2Fmedia&parent=144"}],"curies":[{"name":"wp","href":"https:\/\/api.w.org\/{rel}","templated":true}]}}