{"id":572,"date":"2019-12-03T14:58:39","date_gmt":"2019-12-03T14:58:39","guid":{"rendered":"http:\/\/rfv-koenen.de\/?page_id=572"},"modified":"2019-12-03T15:09:37","modified_gmt":"2019-12-03T15:09:37","slug":"aktuelles","status":"publish","type":"page","link":"https:\/\/rfv-koenen.de\/?page_id=572","title":{"rendered":"Aktuelles"},"content":{"rendered":"<h2>Aktuelles<\/h2>\n\n<div id=\"pagewidget\" class=\"amr-widget-area\"><section id=\"recent-posts-widget-with-thumbnails-2\" class=\"widget pagewidget recent-posts-widget-with-thumbnails\">\n<div id=\"rpwwt-recent-posts-widget-with-thumbnails-2\" class=\"rpwwt-widget\">\r\n\t<nav role=\"navigation\" aria-label=\"Letzte Beitr\u00e4ge mit Vorschaubildern\">\r\n\t<ul>\r\n\t\t<li><a href=\"https:\/\/rfv-koenen.de\/?p=1554\"><img loading=\"lazy\" decoding=\"async\" width=\"150\" height=\"150\" src=\"https:\/\/rfv-koenen.de\/wp-content\/uploads\/2023\/05\/D3D_6239-150x150.jpeg\" class=\"attachment-thumbnail size-thumbnail wp-post-image\" alt=\"\" srcset=\"https:\/\/rfv-koenen.de\/wp-content\/uploads\/2023\/05\/D3D_6239-150x150.jpeg 150w, https:\/\/rfv-koenen.de\/wp-content\/uploads\/2023\/05\/D3D_6239-100x100.jpeg 100w\" sizes=\"auto, 100vw\" \/><span class=\"rpwwt-post-title\">Danke Katrin, willkommen Kim !<\/span><\/a><div class=\"rpwwt-post-excerpt\">Nach mehr als 15 Dienstjahren geht unsere Katrin Kellendonk seit dem 1. M\u00e4rz als selbstst\u00e4ndige Tierheilpraktikerin und Tierosteopathin neue berufliche Wege. Sie steht uns somit nicht mehr als Reitlehrerin zur Verf\u00fcgung (mit Ausnahme des Donnerstagvormittags). Katrin wird ihr Amt als <a href=\"https:\/\/rfv-koenen.de\/?p=1554\" class=\"rpwwt-post-excerpt-more\">Weiterlesen ...<\/a><\/div><\/li>\r\n\t\t<li><a href=\"https:\/\/rfv-koenen.de\/?p=1519\"><img loading=\"lazy\" decoding=\"async\" width=\"150\" height=\"150\" src=\"https:\/\/rfv-koenen.de\/wp-content\/uploads\/2018\/02\/droppedImage-150x150.png\" class=\"attachment-thumbnail size-thumbnail wp-post-image\" alt=\"\" srcset=\"https:\/\/rfv-koenen.de\/wp-content\/uploads\/2018\/02\/droppedImage-150x150.png 150w, https:\/\/rfv-koenen.de\/wp-content\/uploads\/2018\/02\/droppedImage-100x100.png 100w\" sizes=\"auto, 100vw\" \/><span class=\"rpwwt-post-title\"><strong>Stellenanzeige: Reitlehrer (m\/w\/d) in Festanstellung gesucht<\/strong><\/span><\/a><div class=\"rpwwt-post-excerpt\">Voraussetzung: Abgeschlossene Ausbildung (mindestens Trainer C) Beginn:\u00a0 zum n\u00e4chstm\u00f6glichen Zeitpunkt Anstellungsart:\u00a0 Teilzeit (maximal 30 Stunden\/Woche). Die genauen Zeiten k\u00f6nnen individuell abgestimmt werden, die T\u00e4tigkeit ist in Teilzeit, als Minijob oder \u00fcber \u00dcbungsleiterpauschale m\u00f6glich <a href=\"https:\/\/rfv-koenen.de\/?p=1519\" class=\"rpwwt-post-excerpt-more\">Weiterlesen ...<\/a><\/div><\/li>\r\n\t\t<li><a href=\"https:\/\/rfv-koenen.de\/?p=1513\"><img loading=\"lazy\" decoding=\"async\" width=\"150\" height=\"150\" src=\"https:\/\/rfv-koenen.de\/wp-content\/uploads\/2025\/11\/2025_Adventsfeier_RFV-St.-Georg_Koenen-150x150.jpg\" class=\"attachment-thumbnail size-thumbnail wp-post-image\" alt=\"\" srcset=\"https:\/\/rfv-koenen.de\/wp-content\/uploads\/2025\/11\/2025_Adventsfeier_RFV-St.-Georg_Koenen-150x150.jpg 150w, https:\/\/rfv-koenen.de\/wp-content\/uploads\/2025\/11\/2025_Adventsfeier_RFV-St.-Georg_Koenen-100x100.jpg 100w\" sizes=\"auto, 100vw\" \/><span class=\"rpwwt-post-title\">Einladung zur Adventsfeier am 7. Dezember<\/span><\/a><div class=\"rpwwt-post-excerpt\">Der Reit- und Fahrverein St. Georg K\u00f6nen e.V. l\u00e4dt Euch herzlich zu seiner Adventsfeier am 7. Dezember von 14:00-17:00 Uhr ein. Freut Euch auf ein festliches Programm f\u00fcr die ganze Familie: Ponyreiten Quadrille-Vorf\u00fchrung Pferdefu\u00dfball Besuch des Nikolaus F\u00fcr Euer leibliches Wohl ist mit leckeren <a href=\"https:\/\/rfv-koenen.de\/?p=1513\" class=\"rpwwt-post-excerpt-more\">Weiterlesen ...<\/a><\/div><\/li>\r\n\t\t<li><a href=\"https:\/\/rfv-koenen.de\/?p=1487\"><img loading=\"lazy\" decoding=\"async\" width=\"150\" height=\"150\" src=\"https:\/\/rfv-koenen.de\/wp-content\/uploads\/2025\/06\/RFV_St.-Georg-Koenen_Plakat-Pferdecomedy-04.07.25-150x150.jpg\" class=\"attachment-thumbnail size-thumbnail wp-post-image\" alt=\"\" srcset=\"https:\/\/rfv-koenen.de\/wp-content\/uploads\/2025\/06\/RFV_St.-Georg-Koenen_Plakat-Pferdecomedy-04.07.25-150x150.jpg 150w, https:\/\/rfv-koenen.de\/wp-content\/uploads\/2025\/06\/RFV_St.-Georg-Koenen_Plakat-Pferdecomedy-04.07.25-100x100.jpg 100w\" sizes=\"auto, 100vw\" \/><span class=\"rpwwt-post-title\">Geitner\u2019s Pferde-Comedy &#8222;Bandenschwalben Undercover&#8220; am 4. Juli beim RFV St. Georg K\u00f6nen<\/span><\/a><div class=\"rpwwt-post-excerpt\">Wir freuen uns, die Pferde-Comedy-Show \u201eBandenschwalben Undercover\u201c von und mit dem bekannten Pferdetrainer Michael Geitner anzuk\u00fcndigen: \u201eVon unwiderstehlchen Kecksgesichtern, Leckerli Automaten und nicht pferdeverr\u00fcckten Partnern und deren Leid. Die lustigsten Geschichten schreibt bekanntlich das <a href=\"https:\/\/rfv-koenen.de\/?p=1487\" class=\"rpwwt-post-excerpt-more\">Weiterlesen ...<\/a><\/div><\/li>\r\n\t\t<li><a href=\"https:\/\/rfv-koenen.de\/?p=1457\"><img loading=\"lazy\" decoding=\"async\" width=\"150\" height=\"150\" src=\"https:\/\/rfv-koenen.de\/wp-content\/uploads\/2025\/06\/IMG_3585-150x150.jpg\" class=\"attachment-thumbnail size-thumbnail wp-post-image\" alt=\"\" srcset=\"https:\/\/rfv-koenen.de\/wp-content\/uploads\/2025\/06\/IMG_3585-150x150.jpg 150w, https:\/\/rfv-koenen.de\/wp-content\/uploads\/2025\/06\/IMG_3585-100x100.jpg 100w\" sizes=\"auto, 100vw\" \/><span class=\"rpwwt-post-title\">Erfolgreiche Pr\u00fcfungen &#8222;Pferdef\u00fchrerschein&#8220; und &#8222;Reitabzeichen&#8220;<\/span><\/a><div class=\"rpwwt-post-excerpt\">Am 12. April fanden in unserem Verein die Pr\u00fcfungen f\u00fcr die Pferdef\u00fchrerscheine \u201eUmgang\u201c und \u201eReiten\u201c sowie f\u00fcr die Reitabzeichen RA10 \u2013 RA 6 statt.&nbsp; 14 Teilnehmerinnen konnten nach interessanten Vorbereitungskursen in Theorie, Bodenarbeit und Reitpraxis ihr Verst\u00e4ndnis rund ums Pferd sowie <a href=\"https:\/\/rfv-koenen.de\/?p=1457\" class=\"rpwwt-post-excerpt-more\">Weiterlesen ...<\/a><\/div><\/li>\r\n\t\t<li><a href=\"https:\/\/rfv-koenen.de\/?p=1449\"><img loading=\"lazy\" decoding=\"async\" width=\"150\" height=\"150\" src=\"https:\/\/rfv-koenen.de\/wp-content\/uploads\/2025\/04\/RFV-St.Georg-Koenen_Fruehlingsfest-2025_2-150x150.jpg\" class=\"attachment-thumbnail size-thumbnail wp-post-image\" alt=\"\" srcset=\"https:\/\/rfv-koenen.de\/wp-content\/uploads\/2025\/04\/RFV-St.Georg-Koenen_Fruehlingsfest-2025_2-150x150.jpg 150w, https:\/\/rfv-koenen.de\/wp-content\/uploads\/2025\/04\/RFV-St.Georg-Koenen_Fruehlingsfest-2025_2-100x100.jpg 100w\" sizes=\"auto, 100vw\" \/><span class=\"rpwwt-post-title\">Fr\u00fchlingsfest am Sonntag, 4. Mai 2025<\/span><\/a><div class=\"rpwwt-post-excerpt\">Der Reit- und Fahrverein St. Georg K\u00f6nen e.V. l\u00e4dt Euch herzlich zum diesj\u00e4hrigen Fr\u00fchlingsfest am 4. Mai 2025 ein ! Bei&nbsp;Ponyspielen und Ponyreiten&nbsp;wird es viel Spa\u00df f\u00fcr die Kids geben. F\u00fcr Euer leibliches Wohl wird&nbsp;mit Kaffee und Kuchen sowie Leckereien vom Grill und Salaten bestens <a href=\"https:\/\/rfv-koenen.de\/?p=1449\" class=\"rpwwt-post-excerpt-more\">Weiterlesen ...<\/a><\/div><\/li>\r\n\t\t<li><a href=\"https:\/\/rfv-koenen.de\/?p=1434\"><img loading=\"lazy\" decoding=\"async\" width=\"150\" height=\"150\" src=\"https:\/\/rfv-koenen.de\/wp-content\/uploads\/2025\/03\/IMG_3388-150x150.jpg\" class=\"attachment-thumbnail size-thumbnail wp-post-image\" alt=\"\" srcset=\"https:\/\/rfv-koenen.de\/wp-content\/uploads\/2025\/03\/IMG_3388-150x150.jpg 150w, https:\/\/rfv-koenen.de\/wp-content\/uploads\/2025\/03\/IMG_3388-100x100.jpg 100w\" sizes=\"auto, 100vw\" \/><span class=\"rpwwt-post-title\">Workshop \u201eLymphdrainage\u201c mit Ursula Kugel<\/span><\/a><div class=\"rpwwt-post-excerpt\">Bei sch\u00f6nstem Fr\u00fchlingswetter veranstaltete unser Reitverein am Sonntag den 9. M\u00e4rz einen Workshop zum Thema \u201eLymphdrainage beim Pferd\u201c. Unter der Leitung von Ursula Kugel erfuhren die 12 Teilnehmerinnen \u00fcber die Bedeutung der Lymphdrainage f\u00fcr die F\u00f6rderung der Pferdegesundheit. Frau Kugel zeigte <a href=\"https:\/\/rfv-koenen.de\/?p=1434\" class=\"rpwwt-post-excerpt-more\">Weiterlesen ...<\/a><\/div><\/li>\r\n\t\t<li><a href=\"https:\/\/rfv-koenen.de\/?p=1420\"><img loading=\"lazy\" decoding=\"async\" width=\"150\" height=\"150\" src=\"https:\/\/rfv-koenen.de\/wp-content\/uploads\/2022\/02\/Donja-2-Print-150x150.jpg\" class=\"attachment-thumbnail size-thumbnail wp-post-image\" alt=\"\" srcset=\"https:\/\/rfv-koenen.de\/wp-content\/uploads\/2022\/02\/Donja-2-Print-150x150.jpg 150w, https:\/\/rfv-koenen.de\/wp-content\/uploads\/2022\/02\/Donja-2-Print-100x100.jpg 100w\" sizes=\"auto, 100vw\" \/><span class=\"rpwwt-post-title\">Shetty-Gruppe &#8222;Bodenarbeit und Longieren&#8220; f\u00fcr Erwachsene und Jugendliche<\/span><\/a><div class=\"rpwwt-post-excerpt\">Die Arbeit mit dem Pferd vom Boden aus hat im Laufe der Jahre immer mehr an Bedeutung gewonnen. Den meisten Pferdefreunden geht es heute nicht mehr so sehr um den Turniersport, sondern einfach um die Freude am Zusammensein mit dem Pferd. Diese Freude haben wir nat\u00fcrlich beim Reiten, aber genauso im <a href=\"https:\/\/rfv-koenen.de\/?p=1420\" class=\"rpwwt-post-excerpt-more\">Weiterlesen ...<\/a><\/div><\/li>\r\n\t\t<li><a href=\"https:\/\/rfv-koenen.de\/?p=1413\"><img loading=\"lazy\" decoding=\"async\" width=\"150\" height=\"150\" src=\"https:\/\/rfv-koenen.de\/wp-content\/uploads\/2022\/02\/FelicityNamika-Print-150x150.jpg\" class=\"attachment-thumbnail size-thumbnail wp-post-image\" alt=\"\" srcset=\"https:\/\/rfv-koenen.de\/wp-content\/uploads\/2022\/02\/FelicityNamika-Print-150x150.jpg 150w, https:\/\/rfv-koenen.de\/wp-content\/uploads\/2022\/02\/FelicityNamika-Print-100x100.jpg 100w\" sizes=\"auto, 100vw\" \/><span class=\"rpwwt-post-title\">F\u00fcr junge Pferdefans ab 6 Jahren: Wir haben noch freie Pl\u00e4tze in den Shetty-Gruppen !<\/span><\/a><div class=\"rpwwt-post-excerpt\">In den Shetty-Gruppen lernt Ihr viel \u00fcber den richtigen Umgang mit dem Pony und wie es ist, sich auf einem Pferd zu bewegen.&nbsp;Die Gruppen sind abwechslungsreich gestaltet, mit verschiedensten \u00dcbungen rund ums Pony und mit dem Pony. Der Spa\u00df und die Freude an der Gemeinschaft mit dem Tier stehen <a href=\"https:\/\/rfv-koenen.de\/?p=1413\" class=\"rpwwt-post-excerpt-more\">Weiterlesen ...<\/a><\/div><\/li>\r\n\t\t<li><a href=\"https:\/\/rfv-koenen.de\/?p=1387\"><img loading=\"lazy\" decoding=\"async\" width=\"150\" height=\"150\" src=\"https:\/\/rfv-koenen.de\/wp-content\/uploads\/2024\/10\/image00004_klein-150x150.jpg\" class=\"attachment-thumbnail size-thumbnail wp-post-image\" alt=\"\" srcset=\"https:\/\/rfv-koenen.de\/wp-content\/uploads\/2024\/10\/image00004_klein-150x150.jpg 150w, https:\/\/rfv-koenen.de\/wp-content\/uploads\/2024\/10\/image00004_klein-100x100.jpg 100w\" sizes=\"auto, 100vw\" \/><span class=\"rpwwt-post-title\">Herbstritt 2024: Durch die W\u00e4lder zum &#8222;Rundfels&#8220; und zur\u00fcck<\/span><\/a><div class=\"rpwwt-post-excerpt\">Unser traditioneller Herbstritt am 6. Oktober 2024 fand bei perfektem Reitwetter statt. 13 Reiterinnen und Reiter machten sich bei perfektem Herbstwetter vom Reitstall aus auf den Weg durch die K\u00f6nener W\u00e4lder bis zum &#8222;Rundfels&#8220;, hoch \u00fcber der Hammer Saarschleife gelegen.&nbsp; Am <a href=\"https:\/\/rfv-koenen.de\/?p=1387\" class=\"rpwwt-post-excerpt-more\">Weiterlesen ...<\/a><\/div><\/li>\r\n\t\t<li><a href=\"https:\/\/rfv-koenen.de\/?p=1344\"><img loading=\"lazy\" decoding=\"async\" width=\"150\" height=\"150\" src=\"https:\/\/rfv-koenen.de\/wp-content\/uploads\/2024\/09\/RFV-Herbstritt-2024-nur-Foto-150x150.png\" class=\"attachment-thumbnail size-thumbnail wp-post-image\" alt=\"\" srcset=\"https:\/\/rfv-koenen.de\/wp-content\/uploads\/2024\/09\/RFV-Herbstritt-2024-nur-Foto-150x150.png 150w, https:\/\/rfv-koenen.de\/wp-content\/uploads\/2024\/09\/RFV-Herbstritt-2024-nur-Foto-100x100.png 100w\" sizes=\"auto, 100vw\" \/><span class=\"rpwwt-post-title\">Herbstritt am 6. Oktober 2024<\/span><\/a><div class=\"rpwwt-post-excerpt\">Wir veranstalten unseren traditionellen Herbstritt in diesem Jahr am Sonntag, den 6. Oktober 2024.&nbsp; 11 Uhr Sammeln auf dem Springplatz Rittdauer ca. 3-4 Stunden inklusive Rast Im Anschluss Essen und Trinken im Reiterst\u00fcbchen Anmeldung bis sp\u00e4testens 2. Oktober 2024 Das B\u00fcgelgeld betr\u00e4gt 15 <a href=\"https:\/\/rfv-koenen.de\/?p=1344\" class=\"rpwwt-post-excerpt-more\">Weiterlesen ...<\/a><\/div><\/li>\r\n\t\t<li><a href=\"https:\/\/rfv-koenen.de\/?p=1316\"><img loading=\"lazy\" decoding=\"async\" width=\"150\" height=\"150\" src=\"https:\/\/rfv-koenen.de\/wp-content\/uploads\/2024\/04\/RFV_Fruehlingsfest_5.5.2024-150x150.jpg\" class=\"attachment-thumbnail size-thumbnail wp-post-image\" alt=\"\" srcset=\"https:\/\/rfv-koenen.de\/wp-content\/uploads\/2024\/04\/RFV_Fruehlingsfest_5.5.2024-150x150.jpg 150w, https:\/\/rfv-koenen.de\/wp-content\/uploads\/2024\/04\/RFV_Fruehlingsfest_5.5.2024-100x100.jpg 100w\" sizes=\"auto, 100vw\" \/><span class=\"rpwwt-post-title\">Fr\u00fchlingsfest mit Reiterflohmarkt am 5. Mai 2024<\/span><\/a><div class=\"rpwwt-post-excerpt\">Wir laden Euch&nbsp;ganz&nbsp;herzlich zu unserem Fr\u00fchlingsfest am&nbsp;Sonntag, 5. Mai 2024 ab 11:00 Uhr ein ! Bei&nbsp;Ponyspielen, Schnitzeljagd und Ponyreiten&nbsp;wird es viel Spa\u00df f\u00fcr die Kids geben. F\u00fcr Euer leibliches Wohl&nbsp;wird mit&nbsp;Leckereien vom <a href=\"https:\/\/rfv-koenen.de\/?p=1316\" class=\"rpwwt-post-excerpt-more\">Weiterlesen ...<\/a><\/div><\/li>\r\n\t\t<li><a href=\"https:\/\/rfv-koenen.de\/?p=1311\"><img loading=\"lazy\" decoding=\"async\" width=\"150\" height=\"150\" src=\"https:\/\/rfv-koenen.de\/wp-content\/uploads\/2024\/01\/RFV-St.-Georg-Koenen-Neues-Schulpferd-150x150.jpg\" class=\"attachment-thumbnail size-thumbnail wp-post-image\" alt=\"\" srcset=\"https:\/\/rfv-koenen.de\/wp-content\/uploads\/2024\/01\/RFV-St.-Georg-Koenen-Neues-Schulpferd-150x150.jpg 150w, https:\/\/rfv-koenen.de\/wp-content\/uploads\/2024\/01\/RFV-St.-Georg-Koenen-Neues-Schulpferd-100x100.jpg 100w\" sizes=\"auto, 100vw\" \/><span class=\"rpwwt-post-title\">Ein neues Schulpferd dank Crowdfunding-Aktion der Sparkasse Trier<\/span><\/a><div class=\"rpwwt-post-excerpt\">Anl\u00e4sslich unserer Weihnachtsfeier konnten wir unser neues Schulpferd, das Tinkerpony Timmy, offiziell vorstellen. Der Kauf von Timmy war durch die Crowdfunding-Aktion der Sparkasse Trier \u201eGemeinsam bewirken\u201c im Jahr 2023 m\u00f6glich geworden. Unser Verein kann dadurch eine erhebliche L\u00fccke im <a href=\"https:\/\/rfv-koenen.de\/?p=1311\" class=\"rpwwt-post-excerpt-more\">Weiterlesen ...<\/a><\/div><\/li>\r\n\t\t<li><a href=\"https:\/\/rfv-koenen.de\/?p=1270\"><img loading=\"lazy\" decoding=\"async\" width=\"150\" height=\"150\" src=\"https:\/\/rfv-koenen.de\/wp-content\/uploads\/2024\/01\/IMG_2668-150x150.jpg\" class=\"attachment-thumbnail size-thumbnail wp-post-image\" alt=\"\" srcset=\"https:\/\/rfv-koenen.de\/wp-content\/uploads\/2024\/01\/IMG_2668-150x150.jpg 150w, https:\/\/rfv-koenen.de\/wp-content\/uploads\/2024\/01\/IMG_2668-100x100.jpg 100w\" sizes=\"auto, 100vw\" \/><span class=\"rpwwt-post-title\">Eine gelungene Weihnachtsfeier mit tollen Reitvorf\u00fchrungen<\/span><\/a><div class=\"rpwwt-post-excerpt\">Am 3. Dezember fand unsere Weihnachtsfeier im Reitstall in Konz-K\u00f6nen statt. Es gab jede Menge leckeres Essen, Ponyreiten mit unseren Shettys und tolle Reitvorf\u00fchrungen: Von den Reitsch\u00fclerInnen wurde eine eigens f\u00fcr das Fest choreografierte Quadrille sowie ein Pas-de-deux vorgef\u00fchrt. Hans-Erwin <a href=\"https:\/\/rfv-koenen.de\/?p=1270\" class=\"rpwwt-post-excerpt-more\">Weiterlesen ...<\/a><\/div><\/li>\r\n\t\t<li><a href=\"https:\/\/rfv-koenen.de\/?p=1259\"><img loading=\"lazy\" decoding=\"async\" width=\"150\" height=\"150\" src=\"https:\/\/rfv-koenen.de\/wp-content\/uploads\/2023\/11\/Adventszeit-Koenen-2023-150x150.jpg\" class=\"attachment-thumbnail size-thumbnail wp-post-image\" alt=\"\" srcset=\"https:\/\/rfv-koenen.de\/wp-content\/uploads\/2023\/11\/Adventszeit-Koenen-2023-150x150.jpg 150w, https:\/\/rfv-koenen.de\/wp-content\/uploads\/2023\/11\/Adventszeit-Koenen-2023-100x100.jpg 100w\" sizes=\"auto, 100vw\" \/><span class=\"rpwwt-post-title\">Adventszeit in K\u00f6nen<\/span><\/a><div class=\"rpwwt-post-excerpt\">Wir laden alle PferdefreundInnen herzlich zu unserer Adventsfeier am Sonntag, den 3. Dezember ein. Euch erwarten spannende Reitvorf\u00fchrungen, Ponyreiten (gegen eine kleine Geb\u00fchr), Bastelangebote und vieles mehr. Neben dem tollen Programm sorgen wir mit leckeren Waffeln, Gl\u00fchwein \/ Kinderpunsch und <a href=\"https:\/\/rfv-koenen.de\/?p=1259\" class=\"rpwwt-post-excerpt-more\">Weiterlesen ...<\/a><\/div><\/li>\r\n\t\t<li><a href=\"https:\/\/rfv-koenen.de\/?p=1251\"><img loading=\"lazy\" decoding=\"async\" width=\"150\" height=\"150\" src=\"https:\/\/rfv-koenen.de\/wp-content\/uploads\/2023\/11\/20231111_RFV-St.-Georg-Koenen-150x150.jpg\" class=\"attachment-thumbnail size-thumbnail wp-post-image\" alt=\"\" srcset=\"https:\/\/rfv-koenen.de\/wp-content\/uploads\/2023\/11\/20231111_RFV-St.-Georg-Koenen-150x150.jpg 150w, https:\/\/rfv-koenen.de\/wp-content\/uploads\/2023\/11\/20231111_RFV-St.-Georg-Koenen-100x100.jpg 100w\" sizes=\"auto, 100vw\" \/><span class=\"rpwwt-post-title\">Erfolgreiche Pr\u00fcfungen f\u00fcr Pferdef\u00fchrerscheine und Reitabzeichen<\/span><\/a><div class=\"rpwwt-post-excerpt\">Am 11. November fanden in unserem Verein die Pr\u00fcfungen f\u00fcr die Pferdef\u00fchrerscheine \u201eUmgang\u201c und \u201eReiten\u201c sowie f\u00fcr die Reitabzeichen RA10 \u2013 RA 6 statt.\u00a0 17 TeilnehmerInnen konnten nach interessanten Vorbereitungskursen in Theorie, Bodenarbeit und Reitpraxis ihr Verst\u00e4ndnis rund ums Pferd sowie den <a href=\"https:\/\/rfv-koenen.de\/?p=1251\" class=\"rpwwt-post-excerpt-more\">Weiterlesen ...<\/a><\/div><\/li>\r\n\t\t<li><a href=\"https:\/\/rfv-koenen.de\/?p=1228\"><img loading=\"lazy\" decoding=\"async\" width=\"150\" height=\"150\" src=\"https:\/\/rfv-koenen.de\/wp-content\/uploads\/2023\/10\/2-150x150.jpeg\" class=\"attachment-thumbnail size-thumbnail wp-post-image\" alt=\"\" srcset=\"https:\/\/rfv-koenen.de\/wp-content\/uploads\/2023\/10\/2-150x150.jpeg 150w, https:\/\/rfv-koenen.de\/wp-content\/uploads\/2023\/10\/2-100x100.jpeg 100w\" sizes=\"auto, 100vw\" \/><span class=\"rpwwt-post-title\">Herbstritt 2023: Zum L\u00f6schemer Kappellchen und zur\u00fcck<\/span><\/a><div class=\"rpwwt-post-excerpt\">Unser traditioneller Herbstritt am 1. Oktober 2023 fand bei perfektem Reitwetter statt. 15 Reiterinnen und Reiter machten sich bei strahlendem Sonnenschein von K\u00f6nen auf den Weg durch die W\u00e4lder des Rosenbergs zum L\u00f6schemer Kapellchen, oberhalb von Wasserliesch gelegen.&nbsp; Am Herbstritt nahmen <a href=\"https:\/\/rfv-koenen.de\/?p=1228\" class=\"rpwwt-post-excerpt-more\">Weiterlesen ...<\/a><\/div><\/li>\r\n\t\t<li><a href=\"https:\/\/rfv-koenen.de\/?p=1180\"><img loading=\"lazy\" decoding=\"async\" width=\"150\" height=\"150\" src=\"https:\/\/rfv-koenen.de\/wp-content\/uploads\/2023\/05\/Pferdefuehrerschein-150x150.png\" class=\"attachment-thumbnail size-thumbnail wp-post-image\" alt=\"\" srcset=\"https:\/\/rfv-koenen.de\/wp-content\/uploads\/2023\/05\/Pferdefuehrerschein-150x150.png 150w, https:\/\/rfv-koenen.de\/wp-content\/uploads\/2023\/05\/Pferdefuehrerschein-100x100.png 100w\" sizes=\"auto, 100vw\" \/><span class=\"rpwwt-post-title\">Lehrg\u00e4nge f\u00fcr die Reitabzeichen RA10-RA6 sowie die Pferdef\u00fchrerscheine &#8222;Umgang&#8220; und &#8222;Reiten&#8220;<\/span><\/a><div class=\"rpwwt-post-excerpt\">Der Reit- und Fahrverein St. Georg K\u00f6nen e.V. bietet in diesem Herbst wieder&nbsp;Lehrg\u00e4nge und Pr\u00fcfungen&nbsp;f\u00fcr die&nbsp;Reitabzeichen RA10 \u2013 RA6&nbsp;sowie f\u00fcr den&nbsp;Pferdef\u00fchrerschein Umgang&nbsp;und den&nbsp;Pferdef\u00fchrerschein Reiten&nbsp;an.&nbsp; Die Lehrg\u00e4nge finden in der Zeit vom <a href=\"https:\/\/rfv-koenen.de\/?p=1180\" class=\"rpwwt-post-excerpt-more\">Weiterlesen ...<\/a><\/div><\/li>\r\n\t\t<li><a href=\"https:\/\/rfv-koenen.de\/?p=1173\"><img loading=\"lazy\" decoding=\"async\" width=\"150\" height=\"150\" src=\"https:\/\/rfv-koenen.de\/wp-content\/uploads\/2023\/09\/Herbstritt-2023-1-150x150.png\" class=\"attachment-thumbnail size-thumbnail wp-post-image\" alt=\"\" srcset=\"https:\/\/rfv-koenen.de\/wp-content\/uploads\/2023\/09\/Herbstritt-2023-1-150x150.png 150w, https:\/\/rfv-koenen.de\/wp-content\/uploads\/2023\/09\/Herbstritt-2023-1-300x300.png 300w, https:\/\/rfv-koenen.de\/wp-content\/uploads\/2023\/09\/Herbstritt-2023-1-768x770.png 768w, https:\/\/rfv-koenen.de\/wp-content\/uploads\/2023\/09\/Herbstritt-2023-1-100x100.png 100w, https:\/\/rfv-koenen.de\/wp-content\/uploads\/2023\/09\/Herbstritt-2023-1.png 1000w\" sizes=\"auto, 100vw\" \/><span class=\"rpwwt-post-title\">Herbstritt am 1. Oktober 2023<\/span><\/a><div class=\"rpwwt-post-excerpt\">Wir veranstalten unseren traditionellen Herbstritt in diesem Jahr am Sonntag, den 1. Oktober 2023.&nbsp; 11 Uhr Sammeln auf dem Springplatz Rittdauer ca. 3-4 Stunden inklusive Rast Im Anschluss Essen und Trinken im Reiterst\u00fcbchen Anmeldung bis sp\u00e4testens 30. September 2023 Das B\u00fcgelgeld betr\u00e4gt 15 <a href=\"https:\/\/rfv-koenen.de\/?p=1173\" class=\"rpwwt-post-excerpt-more\">Weiterlesen ...<\/a><\/div><\/li>\r\n\t\t<li><a href=\"https:\/\/rfv-koenen.de\/?p=1155\"><img loading=\"lazy\" decoding=\"async\" width=\"150\" height=\"150\" src=\"https:\/\/rfv-koenen.de\/wp-content\/uploads\/2022\/02\/FelicityNamika-Print-150x150.jpg\" class=\"attachment-thumbnail size-thumbnail wp-post-image\" alt=\"\" srcset=\"https:\/\/rfv-koenen.de\/wp-content\/uploads\/2022\/02\/FelicityNamika-Print-150x150.jpg 150w, https:\/\/rfv-koenen.de\/wp-content\/uploads\/2022\/02\/FelicityNamika-Print-100x100.jpg 100w\" sizes=\"auto, 100vw\" \/><span class=\"rpwwt-post-title\">F\u00fcr junge Pferdefans ab 6 Jahren: Wir haben noch freie Pl\u00e4tze in den Shetty-Gruppen !<\/span><\/a><div class=\"rpwwt-post-excerpt\">In den Shetty-Gruppen lernt Ihr viel \u00fcber den richtigen Umgang mit dem Pony und wie es ist, sich auf einem Pferd zu bewegen.&nbsp;Die Gruppen sind abwechslungsreich gestaltet, mit verschiedensten \u00dcbungen rund ums Pony und mit dem Pony. Der Spa\u00df und die Freude an der Gemeinschaft mit dem Tier stehen <a href=\"https:\/\/rfv-koenen.de\/?p=1155\" class=\"rpwwt-post-excerpt-more\">Weiterlesen ...<\/a><\/div><\/li>\r\n\t<\/ul>\r\n\t<\/nav>\r\n<\/div><!-- .rpwwt-widget -->\r\n<\/section><\/div>\n\n","protected":false},"excerpt":{"rendered":"<p>Aktuelles<\/p>\n","protected":false},"author":1,"featured_media":0,"parent":0,"menu_order":0,"comment_status":"closed","ping_status":"closed","template":"","meta":{"footnotes":""},"class_list":["post-572","page","type-page","status-publish","hentry"],"_links":{"self":[{"href":"https:\/\/rfv-koenen.de\/index.php?rest_route=\/wp\/v2\/pages\/572","targetHints":{"allow":["GET"]}}],"collection":[{"href":"https:\/\/rfv-koenen.de\/index.php?rest_route=\/wp\/v2\/pages"}],"about":[{"href":"https:\/\/rfv-koenen.de\/index.php?rest_route=\/wp\/v2\/types\/page"}],"author":[{"embeddable":true,"href":"https:\/\/rfv-koenen.de\/index.php?rest_route=\/wp\/v2\/users\/1"}],"replies":[{"embeddable":true,"href":"https:\/\/rfv-koenen.de\/index.php?rest_route=%2Fwp%2Fv2%2Fcomments&post=572"}],"version-history":[{"count":4,"href":"https:\/\/rfv-koenen.de\/index.php?rest_route=\/wp\/v2\/pages\/572\/revisions"}],"predecessor-version":[{"id":840,"href":"https:\/\/rfv-koenen.de\/index.php?rest_route=\/wp\/v2\/pages\/572\/revisions\/840"}],"wp:attachment":[{"href":"https:\/\/rfv-koenen.de\/index.php?rest_route=%2Fwp%2Fv2%2Fmedia&parent=572"}],"curies":[{"name":"wp","href":"https:\/\/api.w.org\/{rel}","templated":true}]}}